 base 3, what is 22022222 - 11?
22022211
In base 2, what is 101 + 1010100111?
1010101100
In base 14, what is 3 - -ac?
b1
In base 16, what is 4 - e1?
-dd
In base 6, what is 42 - -41?
123
In base 6, what is -544 - -20?
-524
In base 13, what is 20b - -2a?
238
In base 6, what is 1031 - 122?
505
In base 14, what is -1 + -104?
-105
In base 6, what is 4 + -13?
-5
In base 5, what is -11241 + -40?
-11331
In base 6, what is -3 - -514?
511
In base 15, what is 9d + 3?
a1
In base 9, what is 67 + 228?
306
In base 2, what is 1100110000111101 - -100?
1100110001000001
In base 15, what is 14 - 77?
-63
In base 9, what is -227 + 4?
-223
In base 16, what is -85 + 9?
-7c
In base 6, what is -1 + 3334?
3333
In base 10, what is -13 - -2?
-11
In base 13, what is 93 + -10?
83
In base 5, what is -2001 + -3?
-2004
In base 11, what is 1 + 907?
908
In base 11, what is -18378 + -1?
-18379
In base 13, what is 5 + 3?
8
In base 3, what is 0 - 11110?
-11110
In base 16, what is -3 + -ae?
-b1
In base 11, what is 3 + -415?
-412
In base 2, what is -101 + -11100?
-100001
In base 16, what is 98 + -6?
92
In base 3, what is 21020222 + 2?
21021001
In base 4, what is 112 - 10?
102
In base 8, what is -3253 - 5?
-3260
In base 8, what is 2750 - 11?
2737
In base 5, what is -3 + 11222?
11214
In base 14, what is 3 - -88?
8b
In base 2, what is -101 - 101010000010?
-101010000111
In base 10, what is 43 - -1?
44
In base 6, what is 15 - -1?
20
In base 7, what is 2 + -3?
-1
In base 4, what is -1211010 + 10?
-1211000
In base 12, what is b51 - 1?
b50
In base 7, what is 0 + 1542?
1542
In base 3, what is -10 - -10011?
10001
In base 3, what is 12 - -1020121?
1020210
In base 14, what is 6 - 3?
3
In base 16, what is 1 - -30b?
30c
In base 16, what is -2 + -ac?
-ae
In base 14, what is ac + 4?
b2
In base 11, what is -43 - -2?
-41
In base 2, what is -1 - 11000000111?
-11000001000
In base 4, what is -10 - 10200?
-10210
In base 14, what is -d66 + 3?
-d63
In base 9, what is 248 + 31?
280
In base 16, what is 18 + 8?
20
In base 15, what is -eb + a?
-e1
In base 14, what is -3 + -143?
-146
In base 6, what is -133 + -2?
-135
In base 11, what is 5 + -5?
0
In base 9, what is -70 - 0?
-70
In base 6, what is -210 - 0?
-210
In base 3, what is -11 + 102020?
102002
In base 10, what is -12044 + -4?
-12048
In base 15, what is -2 + 40c?
40a
In base 13, what is -5 + b5?
b0
In base 8, what is -25054 + -4?
-25060
In base 10, what is -89 + -5?
-94
In base 2, what is -100010000 - 11?
-100010011
In base 16, what is 3 + -7c?
-79
In base 3, what is 10022 - -1?
10100
In base 7, what is -30 - -220?
160
In base 2, what is 1111100001011 + -1?
1111100001010
In base 13, what is 1 - 2ba?
-2b9
In base 11, what is 8 - -8?
15
In base 9, what is 2 + 1275?
1277
In base 5, what is 44022 - 3?
44014
In base 13, what is -2a - -3?
-27
In base 13, what is 2 - 332?
-330
In base 11, what is 1a98 + -5?
1a93
In base 16, what is -3 - 52?
-55
In base 10, what is 3 - 3556?
-3553
In base 8, what is -2 + -11236?
-11240
In base 7, what is -4 - 66?
-103
In base 10, what is 4 - -29?
33
In base 13, what is 2a + 0?
2a
In base 15, what is a + -3a3?
-398
In base 10, what is -21239 - -1?
-21238
In base 13, what is -b3 + -10?
-c3
In base 5, what is 4 - 32?
-23
In base 15, what is -3 - 9?
-c
In base 10, what is -2960 - 5?
-2965
In base 2, what is -10 - -10001101100?
10001101010
In base 15, what is -316 + -4?
-31a
In base 13, what is 154 + -4?
150
In base 3, what is 210121 + 2?
210200
In base 10, what is 1 + 69?
70
In base 11, what is 2 - 16?
-14
In base 10, what is -35 - -6?
-29
In base 10, what is 3322 + -3?
3319
In base 8, what is 30 - -1?
31
In base 16, what is -c0 - -5?
-bb
In base 3, what is -11 - 200212?
-201000
In base 3, what is 1000220 - 10?
1000210
In base 3, what is -2 + 1220?
1211
In base 9, what is -354 - -1?
-353
In base 12, what is 2 + 155?
157
In base 12, what is 31 + 43?
74
In base 13, what is b20 - -3?
b23
In base 11, what is -5 - -698?
693
In base 4, what is 12 + -10111?
-10033
In base 14, what is 2a + -db?
-b1
In base 4, what is -20331131 + 0?
-20331131
In base 12, what is 35 - 3?
32
In base 8, what is -21 + -4?
-25
In base 10, what is -5 - 30?
-35
In base 13, what is -102 + 24?
-ab
In base 3, what is -110122020 + 2?
-110122011
In base 14, what is 3 + -68?
-65
In base 2, what is -10011011 + 101?
-10010110
In base 4, what is -13212 + 2?
-13210
In base 15, what is -1162 - -5?
-115c
In base 14, what is -1bc + -3?
-1c1
In base 6, what is -3 + 2341?
2334
In base 4, what is 32 - 323?
-231
In base 12, what is 4 - -8?
10
In base 15, what is -1174 + 1?
-1173
In base 3, what is 122 - -1?
200
In base 15, what is c + 2d?
3a
In base 11, what is 8 + -381?
-374
In base 14, what is -1c7 + 5?
-1c2
In base 6, what is -1514 - -2?
-1512
In base 3, what is 20200011 + -10?
20200001
In base 14, what is 6 + -1?
5
In base 2, what is -100100 + -110000?
-1010100
In base 12, what is 6 - 11?
-7
In base 16, what is -193 - -6?
-18d
In base 6, what is 4532 + 1?
4533
In base 15, what is 5 + 20?
25
In base 12, what is -1 + -31b1?
-31b2
In base 16, what is -3 + 106?
103
In base 3, what is -10 - 1112?
-1122
In base 11, what is 3 - -460?
463
In base 10, what is -14 + -14?
-28
In base 16, what is 181 + 4?
185
In base 14, what is -1adc + -2?
-1b00
In base 5, what is -4 + 340?
331
In base 13, what is bc6 - 7?
bbc
In base 12, what is -1 - -b0?
ab
In base 6, what is -2030 - 15?
-2045
In base 15, what is 2 - -12b?
12d
In base 16, what is -12a + -51?
-17b
In base 5, what is 0 - 2234?
-2234
In base 16, what is 24f + 0?
24f
In base 15, what is 4e - 1b?
33
In base 16, what is 2f - -9?
38
In base 10, what is -567 - -2?
-565
In base 8, what is -1047 - 0?
-1047
In base 5, what is 4132313 - -1?
4132314
In base 2, what is -100 + 100000?
11100
In base 10, what is -1 + 23?
22
In base 4, what is -13 - -1?
-12
In base 7, what is 450 + 4?
454
In base 6, what is 201 + -4?
153
In base 5, what is -324 + 340?
11
In base 10, what is 637 + 1?
638
In base 6, what is -3 + -2540?
-2543
In base 2, what is -1110101 + -1?
-1110110
In base 10, what is -8 - 3?
-11
In base 9, what is -123 - -26?
-86
In base 8, what is 637 + 23?
662
In base 12, what is -342 - 2?
-344
In base 15, what is 1 - 12e?
-12d
In base 7, what is 5 - 44?
-36
In base 9, what is 3 - -427?
431
In base 13, what is -4 + -1ac6?
-1aca
In base 6, what is -14 - 1021?
-1035
In base 13, what is -1 + -10?
-11
In base 14, what is -3b2 + -3?
-3b5
In base 8, what is -32 - -226?
174
In base 16, what is -6c + -21?
-8d
In base 4, what is -21133 + -3?
-21202
In base 14, what is 0 + 3db?
3db
In base 12, what is -18 - -b?
-9
In base 8, what is -1 + 2773?
2772
In base 9, what is 3 - -7027?
7031
In base 13, what is -232 + 3?
-22c
In base 3, what is -11 - 100200?
-100211
In base 16, what is e42 - 3?
e3f
In base 10, what is 925 - -3?
928
In base 13, what is -357a + 0?
-357a
In base 15, what is -4 + -22?
-26
In base 8, what is 13 - -3?
16
In base 10, what is 2 - -39?
41
In base 13, what is 10 - 0?
10
In base 5, what is 4411 + 0?
4411
In base 15, what is 1 - -255?
256
In base 10, what is -13 - 12?
-25
In base 5, what is -121 + 321?
200
In base 14, what is -2d5b - -5?
-2d56
In base 13, what is 1a3 + 10?
1b3
In base 4, what is -21 - 2332?
-3013
In base 2, what is 111000000010 + 11?
111000000101
In base 10, what is 11179 - 2?
11177
In base 4, what is 133101 - -20?
133121
In base 5, what is -2 + -1220?
-1222
In base 5, what is 301 + 10?
311
In base 7, what is -16360 + -1?
-16361
In base 8, what is -475 - 35?
-532
In base 12, what is -48 + -2?
-4a
In base 10, what is 2 + 98?
100
In base 10, what is -5 + -90?
-95
In base 15, what is 9 + 12?
1b
In base 6, what is 2 + 1423?
1425
In base 7, what is -1 - 2?
-3
In base 4, what is 100 - 10002?
-3302
In base 4, what is -311 - -12?
-233
In base 8, what is -7351 - -2?
-7347
In base 15, what is 24 - 1d?
6
In base 15, what is 15 + 1?
16
In base 13, what is -8b - -1?
-8a
In base 4, what is 1021323 - 0?
1021323
In base 12, what is -43 - 4?
-47
In base 6, what is -5 + -42?
-51
In base 7, what is -1 + -1141?
-1142
In base 11, what is -1 + 1150?
114a
In base 8, what is 1555 - -5?
1562
In base 10, what is 4 - 200?
-196
In base 3, what is -1 + 111212?
111211
In base 11, what is 270 + -5?
266
In base 12, what is 50 + -109?
-79
In base 10, what is -